True
Is 11770471 prime?
False
Is 656640191 a composite number?
False
Is 2331253 a composite number?
False
Is 216388951 composite?
False
Is 9322289 composite?
True
Is 58735045 composite?
True
Is 14423041 prime?
False
Is 1427015369 composite?
True
Is 4507645 a prime number?
False
Is 8252297 composite?
False
Is 1607227 a prime number?
False
Is 11149961 a composite number?
False
Is 99420973 a prime number?
False
Is 9259531 prime?
True
Is 5198289 a composite number?
True
Is 67891363 prime?
True
Is 22353259 prime?
False
Is 508789 composite?
False
Is 311737 composite?
False
Is 385621849 composite?
False
Is 124897 a composite number?
False
Is 33086751 prime?
False
Is 19425319 prime?
True
Is 2672303 a composite number?
False
Is 12945805 prime?
False
Is 2151267 a composite number?
True
Is 9056819 prime?
True
Is 70475011 a composite number?
False
Is 151511 composite?
True
Is 126893453 a prime number?
True
Is 131041 a prime number?
True
Is 44754145 prime?
False
Is 22629721 a prime number?
False
Is 237078341 a prime number?
True
Is 242891507 prime?
True
Is 170763343 a composite number?
True
Is 16669601 a composite number?
True
Is 29333767 a composite number?
False
Is 2282599 composite?
True
Is 91030237 composite?
False
Is 3227099 composite?
True
Is 103468523 a prime number?
True
Is 20380769 a composite number?
False
Is 5696191 a prime number?
True
Is 16058411 a composite number?
False
Is 62808437 a composite number?
False
Is 291199 composite?
False
Is 67232549 composite?
True
Is 23538259 prime?
False
Is 922668563 a composite number?
False
Is 13217 composite?
False
Is 12371311 a composite number?
False
Is 842887 composite?
False
Is 48239027 composite?
True
Is 8921287 prime?
True
Is 3542369 a composite number?
False
Is 49616383 prime?
True
Is 7653341 prime?
False
Is 424661 a prime number?
True
Is 359424937 prime?
True
Is 254489 a prime number?
True
Is 5494414 a prime number?
False
Is 13633097 a prime number?
True
Is 28590833 a prime number?
True
Is 49569459 a composite number?
True
Is 68631697 a composite number?
False
Is 139619765 composite?
True
Is 34501393 a composite number?
False
Is 1908743 composite?
True
Is 85182821 a prime number?
False
Is 87316949 a composite number?
False
Is 2360069 a composite number?
False
Is 9030037 prime?
False
Is 36825823 a composite number?
False
Is 99323971 prime?
False
Is 741219691 prime?
True
Is 22736767 composite?
True
Is 10493939 prime?
False
Is 985903 prime?
True
Is 11038267 composite?
False
Is 1276384579 composite?
False
Is 837037 composite?
True
Is 1897309 a prime number?
False
Is 3661019 a composite number?
False
Is 6581017 a prime number?
True
Is 320801243 a composite number?
True
Is 25618123 prime?
True
Is 3362083 prime?
False
Is 1608791 composite?
True
Is 12456349 composite?
False
Is 790619 composite?
True
Is 158177 a prime number?
False
Is 16436545 a composite number?
True
Is 8234839 a composite number?
False
Is 939317 a composite number?
False
Is 20855253 composite?
True
Is 2243587 a composite number?
False
Is 547021 prime?
True
Is 47683073 composite?
True
Is 3024169 composite?
True
Is 1385743 a prime number?
True
Is 19178713 a composite number?
True
Is 29622731 composite?
False
Is 206447 a composite number?
False
Is 150694777 composite?
True
Is 127021 prime?
False
Is 2267339 composite?
True
Is 180561173 prime?
False
Is 2617297 composite?
True
Is 7980221 a composite number?
False
Is 47308979 composite?
False
Is 2343347 composite?
True
Is 2697833 a prime number?
False
Is 873605 a prime number?
False
Is 105525853 prime?
True
Is 9862277 a composite number?
False
Is 4316471 prime?
False
Is 1435514629 a prime number?
False
Is 50525945 prime?
False
Is 204987701 a composite number?
False
Is 154412299 composite?
False
Is 40485089 a prime number?
True
Is 52940411 composite?
True
Is 3370457 a composite number?
False
Is 929198917 composite?
False
Is 16846339 a prime number?
True
Is 14216639 a prime number?
True
Is 19213967 composite?
False
Is 139822565 a composite number?
True
Is 15858397 a composite number?
False
Is 639134677 a prime number?
False
Is 5390909 a composite number?
True
Is 844579 prime?
False
Is 67641647 prime?
False
Is 7202929 prime?
False
Is 3845 prime?
False
Is 1425469 composite?
False
Is 4552885 composite?
True
Is 367031 a composite number?
True
Is 66833339 prime?
True
Is 66591521 prime?
True
Is 1595533 prime?
False
Is 51573839 a composite number?
False
Is 1465099 prime?
False
Is 31123219 composite?
True
Is 5109907 prime?
False
Is 4987117 a composite number?
True
Is 21446287 a prime number?
False
Is 86266553 a prime number?
False
Is 23434867 a composite number?
False
Is 8508977 a composite number?
True
Is 685963 a composite number?
False
Is 199111213 composite?
True
Is 70278073 a prime number?
True
Is 1823659 prime?
True
Is 1004053 a composite number?
False
Is 4754041 a composite number?
True
Is 373045 a composite number?
True
Is 39941459 a prime number?
True
Is 31626283 prime?
False
Is 102252179 composite?
False
Is 9133667 composite?
False
Is 86732221 a composite number?
True
Is 56899933 a composite number?
False
Is 179704509 a composite number?
True
Is 65982341 a composite number?
False
Is 25408517 composite?
False
Is 15786493 a composite number?
False
Is 1766390191 prime?
True
Is 96689 composite?
True
Is 57342803 prime?
False
Is 6010811 a prime number?
True
Is 216859997 prime?
False
Is 40196869 a composite number?
True
Is 72542993 prime?
True
Is 331453257 composite?
True
Is 80549263 prime?
True
Is 74653 a composite number?
False
Is 285686867 prime?
False
Is 83471177 composite?
False
Is 461861677 prime?
False
Is 20973287 a prime number?
True
Is 19202977 a prime number?
False
Is 38465003 a prime number?
True
Is 180552089 prime?
True
Is 8052657 a prime number?
False
Is 94379 composite?
False
Is 151788977 prime?
True
Is 4693421 a prime number?
True
Is 153817 a composite number?
False
Is 10808087 composite?
False
Is 33497339 a composite number?
False
Is 74610353 composite?
False
Is 148281019 prime?
False
Is 66176626 prime?
False
Is 744347 composite?
True
Is 5088793 a composite number?
False
Is 131839 a composite number?
False
Is 12183701 composite?
True
Is 1898243 a prime number?
True
Is 234653651 a prime number?
False
Is 3335993 a composite number?
True
Is 126878621 a prime number?
True
Is 4514347 a composite number?
True
Is 247680613 composite?
False
Is 21673741 composite?
False
Is 165321487 prime?
False
Is 34255285 prime?
False
Is 6052897 a prime number?
False
Is 79908583 a prime number?
False
Is 5281049 a prime number?
True
Is 21842867 prime?
True
Is 496390363 prime?
False
Is 18019363 a composite number?
True
Is 545957 a prime number?
False
Is 10387259 prime?
False
Is 10349383 composite?
True
Is 4832915 a prime number?
False
Is 6959059 a composite number?
True
Is 25580999 a prime number?
False
Is 222673549 prime?
False
Is 6006691 prime?
False
Is 1017883 a composite number?
True
Is 61496977 a composite number?
True
Is 106800641 prime?
True
Is 15148619 composite?
True
Is 47742043 composite?
True
Is 3594583 a prime number?
True
Is 843668279 a prime number?
True
Is 1113019 a composite number?
False
Is 15082469 prime?
True
Is 416391689 a composite number?
True
Is 57881101 composite?
False
Is 1165183 prime?
True
Is 27630929 composite?
False
Is 441505 composite?
True
Is 2599799 prime?
False
Is 6173417 a prime number?
True
Is 1656799 a composite number?
True
Is 5717339 prime?
True
Is 31097249 a prime number?
True
Is 460871 a prime number?
True
Is 134325745 composite?
True
Is 18621895 a composite number?
True
Is 22452233 a prime number?
True
Is 5147041 a prime number?
True
Is 219406051 composite?
True
Is 1321774 a composite number?
True
Is 232757303 a composite number?
True
Is 9935791 a composite number?
True
Is 437999801 a prime number?
False
Is 87920813 composite?
True
Is 1234911 a prime number?
False
Is 161681807 a composite number?
True
Is 13688117 prime?
False
Is 12795049 composite?
True
Is 6170413 a prime number?
True
Is 11212127 composite?
False
Is 1134139 a composite number?
True
Is 518880539 prime?
True
Is 29725387 composite?
True
Is 220861922 a prime number?
False
Is 1141 a prime number?
False
Is 11121083 a prime number?
True
Is 7558769 a composite number?
False
Is 10668563 a prime number?
True
Is